{"id":37,"date":"2018-02-28T22:43:06","date_gmt":"2018-02-28T22:43:06","guid":{"rendered":"https:\/\/henrikhilmer.com\/opedal\/?page_id=37"},"modified":"2024-05-06T10:58:59","modified_gmt":"2024-05-06T08:58:59","slug":"bli-medlem","status":"publish","type":"page","link":"https:\/\/www.bragdoya.no\/index.php\/bli-medlem\/","title":{"rendered":"Bli medlem"},"content":{"rendered":"<div id=\"pl-37\"  class=\"panel-layout\" ><div id=\"pg-37-0\"  class=\"panel-grid panel-has-style\" ><div class=\"panel-row-style panel-row-style-for-37-0\" ><div id=\"pgc-37-0-0\"  class=\"panel-grid-cell\" ><div id=\"panel-37-0-0-0\" class=\"so-panel widget panel-first-child panel-last-child\" data-index=\"0\" ><\/div><\/div><\/div><\/div><div id=\"pg-37-1\"  class=\"panel-grid panel-has-style\" ><div class=\"panel-row-style panel-row-style-for-37-1\" ><div id=\"pgc-37-1-0\"  class=\"panel-grid-cell\" ><div id=\"panel-37-1-0-0\" class=\"so-panel widget widget_sow-editor panel-first-child\" data-index=\"1\" ><div\n\t\t\t\n\t\t\tclass=\"so-widget-sow-editor so-widget-sow-editor-base\"\n\t\t\t\n\t\t>\n<div class=\"siteorigin-widget-tinymce textwidget\">\n\t<h3 style=\"text-align: left;\">Medlemsfordeler<\/h3>\n<ul style=\"text-align: left;\">\n<li>Magasinet KYSTEN tilsendt fem ganger i \u00e5ret.<\/li>\n<li>Rabatert pris p\u00e5 transport med ruteb\u00e5ten Bragd\u00f8yab\u00e5ten fra Lumber.<\/li>\n<li>Nyhetsbrev og medlemsmail fra kystlaget med informasjon om hva vi driver med.<\/li>\n<li>Dugnadsrabatt* p\u00e5 overnatting for medlemmer.<\/li>\n<li>Gratis l\u00e5n av rob\u00e5ter i Nodeviga og Auglandsbukta i tillegg til p\u00e5 Bragd\u00f8ya.<\/li>\n<li>Medlemskvelder, medlemsarrangementer, kurs og aktiviteter.<\/li>\n<\/ul>\n<p style=\"text-align: left;\">Hver tirsdag er det <a href=\"https:\/\/www.bragdoya.no\/index.php\/om-oss\/medlemsinformasjon\/medlemskveld\/\">medlemskveld <\/a>med dugnadsarbeid,\u00a0<a href=\"https:\/\/www.bragdoya.no\/index.php\/for-medlemmer\/kurs\/\">kurs<\/a> og sosiale aktiviteter.<br \/>\nDet er ogs\u00e5 <a href=\"https:\/\/www.bragdoya.no\/index.php\/for-medlemmer\/dugnad_dagtid\/\">dugnader p\u00e5 dagtid<\/a> for de som har mulighet.<br \/>\nI tillegg blir det arrangert flere sosiale aktiviteter i l\u00f8pet av \u00e5ret.<br \/>\nKystlaget har\u00a0mange ulike\u00a0<a href=\"https:\/\/www.bragdoya.no\/index.php\/om-oss\/medlemsinformasjon\/grupper\/\">aktivitetsgrupper<\/a>\u00a0som man kan bli med i om man \u00f8nsker \u00e5 engasjere seg i noe spesielt.<\/p>\n<p>*Redusert pris gjelder for medlemmer (privat) som kan vise til minst to \"dugnader\" for Bragd\u00f8ya kystlag de siste 12 m\u00e5nedene. Dugnader kan v\u00e6re oppm\u00f8te p\u00e5 medlemskveld, arbeidsoppgaver p\u00e5 dagtid, oppsatte dugnader, s\u00f8ndagskafe, traktering, oppgaver p\u00e5 arrangementer, verv, vedlikehold av og tilsyn med b\u00e5ter og bygninger m.m.<\/p>\n<p style=\"text-align: left;\"><strong>Priser<\/strong><\/p>\n<ul style=\"text-align: left;\">\n<li><span class=\"font-size-3\">Hovedmedlem<strong>:<\/strong> kr. 500,- pr \u00e5r.<\/span><\/li>\n<li>Familiemedlem<strong>:<\/strong> kr 75,- for hvert ekstra familiemedlem.<\/li>\n<li><span class=\"font-size-3\">Ungdomsmedlem 16 - 26 \u00e5r: kr. 250,- pr. \u00e5r.<\/span><\/li>\n<\/ul>\n<p style=\"text-align: left;\"><strong>For \u00e5 bli medlem av Bragd\u00f8ya kystlaget melder du deg inn via Forbundet Kysten.<\/strong><\/p>\n<p>NB! V\u00e6r sikker p\u00e5 at du velger Bragd\u00f8ya Kystlag som ditt kystlag!<\/p>\n<\/div>\n<\/div><\/div><div id=\"panel-37-1-0-1\" class=\"so-panel widget widget_sow-button\" data-index=\"2\" ><div\n\t\t\t\n\t\t\tclass=\"so-widget-sow-button so-widget-sow-button-flat-98d5774f017b-37\"\n\t\t\t\n\t\t><div class=\"ow-button-base ow-button-align-left\"\n>\n\t\t\t<a\n\t\t\t\t\thref=\"https:\/\/cloud.orgsys.no\/0013\/Pages\/Contract\/Membership.aspx\"\n\t\t\t\t\tclass=\"sowb-button ow-icon-placement-left ow-button-hover\" target=\"_blank\" rel=\"noopener noreferrer\" \t>\n\t\t<span>\n\t\t\t\n\t\t\tBli medlem\t\t<\/span>\n\t\t\t<\/a>\n\t<\/div>\n<\/div><\/div><div id=\"panel-37-1-0-2\" class=\"so-panel widget widget_sow-editor panel-last-child\" data-index=\"3\" ><div\n\t\t\t\n\t\t\tclass=\"so-widget-sow-editor so-widget-sow-editor-base\"\n\t\t\t\n\t\t>\n<div class=\"siteorigin-widget-tinymce textwidget\">\n\t<\/div>\n<\/div><\/div><\/div><\/div><\/div><\/div>","protected":false},"excerpt":{"rendered":"<p>Medlemsfordeler Magasinet KYSTEN tilsendt fem ganger i \u00e5ret. Rabatert pris p\u00e5 transport med ruteb\u00e5ten Bragd\u00f8yab\u00e5ten fra Lumber. Nyhetsbrev og medlemsmail fra kystlaget med informasjon om hva vi driver med. Dugnadsrabatt* p\u00e5 overnatting for medlemmer. Gratis l\u00e5n av rob\u00e5ter i Nodeviga og Auglandsbukta i tillegg til p\u00e5 Bragd\u00f8ya. Medlemskvelder, medlemsarrangementer, kurs og aktiviteter. Hver tirsdag er&hellip; <br \/> <a class=\"read-more\" href=\"https:\/\/www.bragdoya.no\/index.php\/bli-medlem\/\">Read more<\/a><\/p>\n","protected":false},"author":1,"featured_media":0,"parent":0,"menu_order":0,"comment_status":"closed","ping_status":"closed","template":"","meta":[],"_links":{"self":[{"href":"https:\/\/www.bragdoya.no\/index.php\/wp-json\/wp\/v2\/pages\/37"}],"collection":[{"href":"https:\/\/www.bragdoya.no\/index.php\/wp-json\/wp\/v2\/pages"}],"about":[{"href":"https:\/\/www.bragdoya.no\/index.php\/wp-json\/wp\/v2\/types\/page"}],"author":[{"embeddable":true,"href":"https:\/\/www.bragdoya.no\/index.php\/wp-json\/wp\/v2\/users\/1"}],"replies":[{"embeddable":true,"href":"https:\/\/www.bragdoya.no\/index.php\/wp-json\/wp\/v2\/comments?post=37"}],"version-history":[{"count":98,"href":"https:\/\/www.bragdoya.no\/index.php\/wp-json\/wp\/v2\/pages\/37\/revisions"}],"predecessor-version":[{"id":11007,"href":"https:\/\/www.bragdoya.no\/index.php\/wp-json\/wp\/v2\/pages\/37\/revisions\/11007"}],"wp:attachment":[{"href":"https:\/\/www.bragdoya.no\/index.php\/wp-json\/wp\/v2\/media?parent=37"}],"curies":[{"name":"wp","href":"https:\/\/api.w.org\/{rel}","templated":true}]}}