{"id":3406,"date":"2018-05-03T17:02:52","date_gmt":"2018-05-03T15:02:52","guid":{"rendered":"http:\/\/henrikhe.com\/opedal\/?page_id=3406"},"modified":"2020-02-10T09:28:19","modified_gmt":"2020-02-10T08:28:19","slug":"baten-dagmar-los","status":"publish","type":"page","link":"https:\/\/www.bragdoya.no\/index.php\/om-oss\/vare-bater\/baten-dagmar-los\/","title":{"rendered":"B\u00e5ten &#8211; Dagmar Los"},"content":{"rendered":"<div id=\"pl-3406\"  class=\"panel-layout\" ><div id=\"pg-3406-0\"  class=\"panel-grid panel-has-style\" ><div class=\"panel-row-style panel-row-style-for-3406-0\" ><div id=\"pgc-3406-0-0\"  class=\"panel-grid-cell\" ><div id=\"panel-3406-0-0-0\" class=\"so-panel widget panel-first-child panel-last-child\" data-index=\"0\" ><\/div><\/div><\/div><\/div><div id=\"pg-3406-1\"  class=\"panel-grid panel-has-style\" ><div class=\"panel-row-style panel-row-style-for-3406-1\" ><div id=\"pgc-3406-1-0\"  class=\"panel-grid-cell panel-grid-cell-mobile-last\" ><div id=\"panel-3406-1-0-0\" class=\"so-panel widget widget_sow-editor panel-first-child panel-last-child\" data-index=\"1\" ><div class=\"panel-widget-style panel-widget-style-for-3406-1-0-0\" ><div\n\t\t\t\n\t\t\tclass=\"so-widget-sow-editor so-widget-sow-editor-base\"\n\t\t\t\n\t\t><h3 class=\"widget-title\">Dagmar Los<\/h3>\n<div class=\"siteorigin-widget-tinymce textwidget\">\n\t<\/div>\n<\/div><\/div><\/div><\/div><div id=\"pgc-3406-1-1\"  class=\"panel-grid-cell panel-grid-cell-empty\" ><\/div><\/div><\/div><div id=\"pg-3406-2\"  class=\"panel-grid panel-has-style\" ><div class=\"panel-row-style panel-row-style-for-3406-2\" ><div id=\"pgc-3406-2-0\"  class=\"panel-grid-cell\" ><div id=\"panel-3406-2-0-0\" class=\"so-panel widget widget_sow-editor panel-first-child panel-last-child\" data-index=\"2\" ><div\n\t\t\t\n\t\t\tclass=\"so-widget-sow-editor so-widget-sow-editor-base\"\n\t\t\t\n\t\t>\n<div class=\"siteorigin-widget-tinymce textwidget\">\n\t<p>Dagmar ble bygd av b\u00e5tbygger Nils Eriksen i Narviken ved S\u00f8ndeled (Ris\u00f8r) i 1900. Den 36 fot lange sk\u00f8yta var byggenummer 47. Den var originalt bygd som lossk\u00f8yte til los Martin Nilsen, Rauane ved Krager\u00f8. I 1908 ble det installert motor, en Grei p\u00e5 10 hk. B\u00e5ten ble solgt til Flekker\u00f8y loslag da Nilsen d\u00f8de i 1912. Dagmar gikk p\u00e5 Flekker\u00f8ya som lossk\u00f8yte til 1934. Etter dette overtok los Thor Christiansen den og brukte den til fiske til 1957. Videre gikk den til G\u00f8teborg i 1959, da los Harald Palmqvist kj\u00f8pte henne. Palmqvist restaurerte henne og holdt henne etter svenske forbilder slik en svensk losb\u00e5t kunne ha v\u00e6rt p\u00e5 1920-tallet. Denne innredningen er fortsatt om bord. Dagmar ble p\u00e5 80-tallet(1982) kj\u00f8pt tilbake til Norge av Ingeborg og Sigurd Bj\u00f8rnstad i Oslo.<\/p>\n<p>Flere interessenter, blant annet Kristiansand Havnevesen, kj\u00f8pte henne hjem til Kristiansand i 1992. I dag eies og drives hun av Bragd\u00f8ya kystlag. Dagmar los har fast b\u00e5tplass p\u00e5 Bragd\u00f8ya, der en egen Dagmargruppe i Bragd\u00f8ya Kystlag har det daglige ansvaret for vedlikehold og drift av b\u00e5ten. Seilsesongen starter om v\u00e5ren s\u00e5 fort temperaturen tillater det og avsluttes med Vet seil seilasen i september. Det arrangeres dagsturer, helgeturer og lengre seiltokter som for eksempel til Danmark og langs Svenskekysten, og selvsagt ogs\u00e5 langs S\u00f8rlandskysten.<\/p>\n<p>Vinteren 2003\/2004 gjennomgikk Dagmar omfattende reparasjoner. Arbeidet ble gjort p\u00e5 Bragd\u00f8ya av innleide b\u00e5tbyggere, med kystlagsfolk som h\u00e5ndlangere. Forstevnen og deler av huden ble skiftet. Det gjenst\u00e5r arbeid p\u00e5 dekket og p\u00e5 akterstevnen, en s\u00e5 gammel b\u00e5t krever sitt \u2013 hele tiden.<br \/>\nSenh\u00f8stes 2005 gikk Dagmar inn p\u00e5 slippen p\u00e5 Bragd\u00f8ya der b\u00e5tbygger H\u00e5kon Danielsen hadde hovedansvaret for den fortsatte restaureringen. Medlemmer av kystlaget deltok i arbeidet etter anledning og kompetanse. Fra 2006 ligger hun igjen p\u00e5 vann - med nytt dekk.<\/p>\n<table border=\"0\" width=\"100%\" cellspacing=\"0\" cellpadding=\"0\">\n<tbody>\n<tr>\n<td colspan=\"2\"><strong><span style=\"font-family: Calibri; font-size: medium;\">Dagmar Los (lossk\u00f8yte, 1900)<\/span><\/strong><\/td>\n<\/tr>\n<tr>\n<td colspan=\"2\" valign=\"top\"><\/td>\n<\/tr>\n<tr>\n<td valign=\"top\"><span style=\"font-family: Calibri; font-size: medium;\">Egennavn<\/span><\/td>\n<td valign=\"top\"><span style=\"font-family: Calibri; font-size: medium;\">Dagmar<\/span><\/td>\n<\/tr>\n<tr>\n<td valign=\"top\"><span style=\"font-family: Calibri; font-size: medium;\">B\u00e5ttype<\/span><\/td>\n<td valign=\"top\"><span style=\"font-family: Calibri; font-size: medium;\">Sk\u00f8yte<\/span><\/td>\n<\/tr>\n<tr>\n<td valign=\"top\"><span style=\"font-family: Calibri; font-size: medium;\">Lengde<\/span><\/td>\n<td valign=\"top\"><span style=\"font-family: Calibri; font-size: medium;\">36 fot<\/span><\/td>\n<\/tr>\n<tr>\n<td valign=\"top\"><span style=\"font-family: Calibri; font-size: medium;\">St\u00f8rste bredde<\/span><\/td>\n<td valign=\"top\"><span style=\"font-family: Calibri; font-size: medium;\">4,5 m (14,8 fot)<\/span><\/td>\n<\/tr>\n<tr>\n<td valign=\"top\"><span style=\"font-family: Calibri; font-size: medium;\">Dyptg\u00e5ende<\/span><\/td>\n<td valign=\"top\"><span style=\"font-family: Calibri; font-size: medium;\">1,8 m<\/span><\/td>\n<\/tr>\n<tr>\n<td valign=\"top\"><span style=\"font-family: Calibri; font-size: medium;\">Bygge\u00e5r<\/span><\/td>\n<td valign=\"top\"><span style=\"font-family: Calibri; font-size: medium;\">1900<\/span><\/td>\n<\/tr>\n<tr>\n<td valign=\"top\"><span style=\"font-family: Calibri; font-size: medium;\">B\u00e5tbygger<\/span><\/td>\n<td valign=\"top\"><span style=\"font-family: Calibri; font-size: medium;\">Nils Eriksen<\/span><\/td>\n<\/tr>\n<tr>\n<td valign=\"top\"><span style=\"font-family: Calibri; font-size: medium;\">Framdriftsmidler<\/span><\/td>\n<td valign=\"top\"><span style=\"font-family: Calibri; font-size: medium;\">Seil, Motor<\/span><\/td>\n<\/tr>\n<tr>\n<td valign=\"top\"><span style=\"font-family: Calibri; font-size: medium;\">Motortype<\/span><\/td>\n<td valign=\"top\"><span style=\"font-family: Calibri; font-size: medium;\">Motor: 31hk Sole diesel 1999 mod.<\/span><\/td>\n<\/tr>\n<tr>\n<td valign=\"top\"><span style=\"font-family: Calibri; font-size: medium;\">Seiltype<\/span><\/td>\n<td valign=\"top\"><span style=\"font-family: Calibri; font-size: medium;\">Gaffelrigg \u00a0med storseil, fokk, klyver og toppseil<\/span><\/td>\n<\/tr>\n<tr>\n<td valign=\"top\"><span style=\"font-family: Calibri; font-size: medium;\">Seilareal<\/span><\/td>\n<td valign=\"top\"><span style=\"font-family: Calibri; font-size: medium;\">95 kvm<\/span><\/td>\n<\/tr>\n<tr>\n<td valign=\"top\"><span style=\"font-family: Calibri; font-size: medium;\">Kommune<\/span><\/td>\n<td valign=\"top\"><span style=\"font-family: Calibri; font-size: medium;\">Kristiansand kommune<\/span><\/td>\n<\/tr>\n<tr>\n<td valign=\"top\"><span style=\"font-family: Calibri; font-size: medium;\">Lagstilh\u00f8righet<\/span><\/td>\n<td valign=\"top\"><span style=\"font-family: Calibri; font-size: medium;\">Bragd\u00f8ya kystlag<\/span><\/td>\n<\/tr>\n<tr>\n<td valign=\"top\"><span style=\"font-family: Calibri; font-size: medium;\">N\u00e5v\u00e6rende eier<\/span><\/td>\n<td valign=\"top\"><span style=\"font-family: Calibri; font-size: medium;\">Bragd\u00f8ya kystlag og Kristiansand kommune<\/span><\/td>\n<\/tr>\n<\/tbody>\n<\/table>\n<\/div>\n<\/div><\/div><\/div><div id=\"pgc-3406-2-1\"  class=\"panel-grid-cell\" ><div id=\"panel-3406-2-1-0\" class=\"so-panel widget widget_sow-image panel-first-child panel-last-child\" data-index=\"3\" ><div\n\t\t\t\n\t\t\tclass=\"so-widget-sow-image so-widget-sow-image-default-8b5b6f678277-3406\"\n\t\t\t\n\t\t>\n<div class=\"sow-image-container\">\n\t\t<img \n\tsrc=\"https:\/\/www.bragdoya.no\/wp-content\/uploads\/2018\/04\/dagmarlos-1.jpg\" width=\"600\" height=\"450\" srcset=\"https:\/\/www.bragdoya.no\/wp-content\/uploads\/2018\/04\/dagmarlos-1.jpg 600w, https:\/\/www.bragdoya.no\/wp-content\/uploads\/2018\/04\/dagmarlos-1-300x225.jpg 300w\" sizes=\"(max-width: 600px) 100vw, 600px\" alt=\"\" loading=\"lazy\" \t\tclass=\"so-widget-image\"\/>\n\t<\/div>\n\n<\/div><\/div><\/div><\/div><\/div><\/div>","protected":false},"excerpt":{"rendered":"<p>Dagmar Los Dagmar ble bygd av b\u00e5tbygger Nils Eriksen i Narviken ved S\u00f8ndeled (Ris\u00f8r) i 1900. Den 36 fot lange sk\u00f8yta var byggenummer 47. Den var originalt bygd som lossk\u00f8yte til los Martin Nilsen, Rauane ved Krager\u00f8. I 1908 ble det installert motor, en Grei p\u00e5 10 hk. B\u00e5ten ble solgt til Flekker\u00f8y loslag da&hellip; <br \/> <a class=\"read-more\" href=\"https:\/\/www.bragdoya.no\/index.php\/om-oss\/vare-bater\/baten-dagmar-los\/\">Read more<\/a><\/p>\n","protected":false},"author":1,"featured_media":0,"parent":209,"menu_order":0,"comment_status":"closed","ping_status":"closed","template":"","meta":[],"_links":{"self":[{"href":"https:\/\/www.bragdoya.no\/index.php\/wp-json\/wp\/v2\/pages\/3406"}],"collection":[{"href":"https:\/\/www.bragdoya.no\/index.php\/wp-json\/wp\/v2\/pages"}],"about":[{"href":"https:\/\/www.bragdoya.no\/index.php\/wp-json\/wp\/v2\/types\/page"}],"author":[{"embeddable":true,"href":"https:\/\/www.bragdoya.no\/index.php\/wp-json\/wp\/v2\/users\/1"}],"replies":[{"embeddable":true,"href":"https:\/\/www.bragdoya.no\/index.php\/wp-json\/wp\/v2\/comments?post=3406"}],"version-history":[{"count":19,"href":"https:\/\/www.bragdoya.no\/index.php\/wp-json\/wp\/v2\/pages\/3406\/revisions"}],"predecessor-version":[{"id":5968,"href":"https:\/\/www.bragdoya.no\/index.php\/wp-json\/wp\/v2\/pages\/3406\/revisions\/5968"}],"up":[{"embeddable":true,"href":"https:\/\/www.bragdoya.no\/index.php\/wp-json\/wp\/v2\/pages\/209"}],"wp:attachment":[{"href":"https:\/\/www.bragdoya.no\/index.php\/wp-json\/wp\/v2\/media?parent=3406"}],"curies":[{"name":"wp","href":"https:\/\/api.w.org\/{rel}","templated":true}]}}