{"id":2474,"date":"2018-04-17T10:00:30","date_gmt":"2018-04-17T10:00:30","guid":{"rendered":"http:\/\/henrikhe.com\/opedal\/?page_id=2474"},"modified":"2020-02-03T13:26:43","modified_gmt":"2020-02-03T12:26:43","slug":"ukulelegruppa","status":"publish","type":"page","link":"https:\/\/www.bragdoya.no\/index.php\/ukulelegruppa\/","title":{"rendered":"Ukulelegruppa"},"content":{"rendered":"<div id=\"pl-2474\"  class=\"panel-layout\" ><div id=\"pg-2474-0\"  class=\"panel-grid panel-has-style\" ><div class=\"panel-row-style panel-row-style-for-2474-0\" ><div id=\"pgc-2474-0-0\"  class=\"panel-grid-cell panel-grid-cell-mobile-last\" ><div id=\"panel-2474-0-0-0\" class=\"so-panel widget widget_sow-editor panel-first-child panel-last-child\" data-index=\"0\" ><div class=\"panel-widget-style panel-widget-style-for-2474-0-0-0\" ><div\n\t\t\t\n\t\t\tclass=\"so-widget-sow-editor so-widget-sow-editor-base\"\n\t\t\t\n\t\t><h3 class=\"widget-title\">Ukulelegruppa<\/h3>\n<div class=\"siteorigin-widget-tinymce textwidget\">\n\t<\/div>\n<\/div><\/div><\/div><\/div><div id=\"pgc-2474-0-1\"  class=\"panel-grid-cell panel-grid-cell-empty\" ><\/div><\/div><\/div><div id=\"pg-2474-1\"  class=\"panel-grid panel-has-style\" ><div class=\"panel-row-style panel-row-style-for-2474-1\" ><div id=\"pgc-2474-1-0\"  class=\"panel-grid-cell\" ><div id=\"panel-2474-1-0-0\" class=\"so-panel widget widget_sow-editor panel-first-child panel-last-child\" data-index=\"1\" ><div class=\"panel-widget-style panel-widget-style-for-2474-1-0-0\" ><div\n\t\t\t\n\t\t\tclass=\"so-widget-sow-editor so-widget-sow-editor-base\"\n\t\t\t\n\t\t>\n<div class=\"siteorigin-widget-tinymce textwidget\">\n\t<p><span lang=\"DA\">Ukulelegruppa har som form\u00e5l \u00e5 v\u00e6re en aktivitet og et milj\u00f8 for sang- og spillglade kystlagsmedlemmer. For de fleste er instrumentet ukulele, men folk med gitar\/bass\/munnspill\/andre instrumenter er hjertelig velkomne til \u00e5 v\u00e6re med.\u00a0<\/span>Ukulelegruppa kommer sammen en gang i m\u00e5neden, og det er vanligvis 15-20 personer p\u00e5 hver \u00f8ving.<\/p>\n<p>Vil du v\u00e6re med?<br \/>\nKontakt ansvarlig for ukulelegruppa, <a href=\"mailto:kristibt@online.no\">Kristi Bente Tjomsland<\/a>.<\/p>\n<\/div>\n<\/div><\/div><\/div><\/div><div id=\"pgc-2474-1-1\"  class=\"panel-grid-cell\" ><div id=\"panel-2474-1-1-0\" class=\"so-panel widget widget_sow-image panel-first-child panel-last-child\" data-index=\"2\" ><div\n\t\t\t\n\t\t\tclass=\"so-widget-sow-image so-widget-sow-image-default-8b5b6f678277-2474\"\n\t\t\t\n\t\t>\n<div class=\"sow-image-container\">\n\t\t<img \n\tsrc=\"https:\/\/www.bragdoya.no\/wp-content\/uploads\/2018\/11\/ukulele2.jpg\" width=\"250\" height=\"200\" sizes=\"(max-width: 250px) 100vw, 250px\" title=\"Ukulele\" alt=\"\" loading=\"lazy\" \t\tclass=\"so-widget-image\"\/>\n\t<\/div>\n\n<\/div><\/div><\/div><\/div><\/div><\/div>","protected":false},"excerpt":{"rendered":"<p>Ukulelegruppa har som form\u00e5l \u00e5 v\u00e6re en aktivitet og et milj\u00f8 for sang- og spillglade kystlagsmedlemmer. For de fleste er instrumentet ukulele, men folk med gitar\/bass\/munnspill\/andre instrumenter er hjertelig velkomne til \u00e5 v\u00e6re med.\u00a0Ukulelegruppa kommer sammen en gang i m\u00e5neden, og det er vanligvis 15-20 personer p\u00e5 hver \u00f8ving. Vil du v\u00e6re med? Kontakt ansvarlig&hellip; <br \/> <a class=\"read-more\" href=\"https:\/\/www.bragdoya.no\/index.php\/ukulelegruppa\/\">Read more<\/a><\/p>\n","protected":false},"author":1,"featured_media":3707,"parent":0,"menu_order":0,"comment_status":"closed","ping_status":"closed","template":"","meta":[],"_links":{"self":[{"href":"https:\/\/www.bragdoya.no\/index.php\/wp-json\/wp\/v2\/pages\/2474"}],"collection":[{"href":"https:\/\/www.bragdoya.no\/index.php\/wp-json\/wp\/v2\/pages"}],"about":[{"href":"https:\/\/www.bragdoya.no\/index.php\/wp-json\/wp\/v2\/types\/page"}],"author":[{"embeddable":true,"href":"https:\/\/www.bragdoya.no\/index.php\/wp-json\/wp\/v2\/users\/1"}],"replies":[{"embeddable":true,"href":"https:\/\/www.bragdoya.no\/index.php\/wp-json\/wp\/v2\/comments?post=2474"}],"version-history":[{"count":10,"href":"https:\/\/www.bragdoya.no\/index.php\/wp-json\/wp\/v2\/pages\/2474\/revisions"}],"predecessor-version":[{"id":5736,"href":"https:\/\/www.bragdoya.no\/index.php\/wp-json\/wp\/v2\/pages\/2474\/revisions\/5736"}],"wp:featuredmedia":[{"embeddable":true,"href":"https:\/\/www.bragdoya.no\/index.php\/wp-json\/wp\/v2\/media\/3707"}],"wp:attachment":[{"href":"https:\/\/www.bragdoya.no\/index.php\/wp-json\/wp\/v2\/media?parent=2474"}],"curies":[{"name":"wp","href":"https:\/\/api.w.org\/{rel}","templated":true}]}}