{"id":2468,"date":"2018-04-17T09:59:43","date_gmt":"2018-04-17T09:59:43","guid":{"rendered":"http:\/\/henrikhe.com\/opedal\/?page_id=2468"},"modified":"2020-02-03T12:48:41","modified_gmt":"2020-02-03T11:48:41","slug":"roliv","status":"publish","type":"page","link":"https:\/\/www.bragdoya.no\/index.php\/roliv\/","title":{"rendered":"Roliv"},"content":{"rendered":"<div id=\"pl-2468\"  class=\"panel-layout\" ><div id=\"pg-2468-0\"  class=\"panel-grid panel-has-style\" ><div class=\"panel-row-style panel-row-style-for-2468-0\" ><div id=\"pgc-2468-0-0\"  class=\"panel-grid-cell panel-grid-cell-mobile-last\" ><div id=\"panel-2468-0-0-0\" class=\"so-panel widget widget_sow-editor panel-first-child panel-last-child\" data-index=\"0\" ><div\n\t\t\t\n\t\t\tclass=\"so-widget-sow-editor so-widget-sow-editor-base\"\n\t\t\t\n\t\t><h3 class=\"widget-title\">Roliv<\/h3>\n<div class=\"siteorigin-widget-tinymce textwidget\">\n\t<\/div>\n<\/div><\/div><\/div><div id=\"pgc-2468-0-1\"  class=\"panel-grid-cell panel-grid-cell-empty\" ><\/div><\/div><\/div><div id=\"pg-2468-1\"  class=\"panel-grid panel-has-style\" ><div class=\"panel-row-style panel-row-style-for-2468-1\" ><div id=\"pgc-2468-1-0\"  class=\"panel-grid-cell\" ><div id=\"panel-2468-1-0-0\" class=\"so-panel widget widget_sow-editor panel-first-child panel-last-child\" data-index=\"1\" ><div\n\t\t\t\n\t\t\tclass=\"so-widget-sow-editor so-widget-sow-editor-base\"\n\t\t\t\n\t\t>\n<div class=\"siteorigin-widget-tinymce textwidget\">\n\t<p>Roturer, seilturer, turer med b\u00e5l og god mat og arbeid med kystlagets b\u00e5ter er viktige aktiviteter. Gruppas h\u00f8ydepunkt er sommerturen som foreg\u00e5r (som regel) like etter St. Hans, med telt, gapahuk og flere b\u00e5ter, samt ti\u00e6ringen \"Hesten\".<\/p>\n<p>Et annet h\u00f8ydepunkt er \"juleb\u00e5let\" i begynnelsen av desember med all slags julemat og drikke rundt b\u00e5let i gapahuken ved det sv\u00e6re b\u00e5tnaustet i Kyresundet p\u00e5 Bragd\u00f8ya. Vi har ogs\u00e5 et \"v\u00e5rb\u00e5l\" i april\/mai p\u00e5 samme sted. Gruppa tar gjerne imot nye medlemmer.<\/p>\n<p>Vil du v\u00e6re med?<br \/>\nTa kontakt med <a class=\"external\" href=\"mailto:karkarst@gmail.com\">Karsten Karstensen<\/a>.<\/p>\n<\/div>\n<\/div><\/div><\/div><div id=\"pgc-2468-1-1\"  class=\"panel-grid-cell\" ><div id=\"panel-2468-1-1-0\" class=\"so-panel widget widget_sow-image panel-first-child panel-last-child\" data-index=\"2\" ><div\n\t\t\t\n\t\t\tclass=\"so-widget-sow-image so-widget-sow-image-default-8b5b6f678277-2468\"\n\t\t\t\n\t\t>\n<div class=\"sow-image-container\">\n\t\t<img \n\tsrc=\"https:\/\/www.bragdoya.no\/wp-content\/uploads\/2019\/07\/IMG_1329-e1573205143854-300x177.jpg\" width=\"300\" height=\"177\" srcset=\"https:\/\/www.bragdoya.no\/wp-content\/uploads\/2019\/07\/IMG_1329-e1573205143854-300x177.jpg 300w, https:\/\/www.bragdoya.no\/wp-content\/uploads\/2019\/07\/IMG_1329-e1573205143854-768x453.jpg 768w, https:\/\/www.bragdoya.no\/wp-content\/uploads\/2019\/07\/IMG_1329-e1573205143854-1024x604.jpg 1024w, https:\/\/www.bragdoya.no\/wp-content\/uploads\/2019\/07\/IMG_1329-e1573205143854-1831x1080.jpg 1831w\" sizes=\"(max-width: 300px) 100vw, 300px\" title=\"IMG_1329\" alt=\"\" loading=\"lazy\" \t\tclass=\"so-widget-image\"\/>\n\t<\/div>\n\n<\/div><\/div><\/div><\/div><\/div><\/div>","protected":false},"excerpt":{"rendered":"<p>Roturer, seilturer, turer med b\u00e5l og god mat og arbeid med kystlagets b\u00e5ter er viktige aktiviteter. Gruppas h\u00f8ydepunkt er sommerturen som foreg\u00e5r (som regel) like etter St. Hans, med telt, gapahuk og flere b\u00e5ter, samt ti\u00e6ringen &#8220;Hesten&#8221;. Et annet h\u00f8ydepunkt er &#8220;juleb\u00e5let&#8221; i begynnelsen av desember med all slags julemat og drikke rundt b\u00e5let i&hellip; <br \/> <a class=\"read-more\" href=\"https:\/\/www.bragdoya.no\/index.php\/roliv\/\">Read more<\/a><\/p>\n","protected":false},"author":1,"featured_media":4651,"parent":0,"menu_order":0,"comment_status":"closed","ping_status":"closed","template":"","meta":[],"_links":{"self":[{"href":"https:\/\/www.bragdoya.no\/index.php\/wp-json\/wp\/v2\/pages\/2468"}],"collection":[{"href":"https:\/\/www.bragdoya.no\/index.php\/wp-json\/wp\/v2\/pages"}],"about":[{"href":"https:\/\/www.bragdoya.no\/index.php\/wp-json\/wp\/v2\/types\/page"}],"author":[{"embeddable":true,"href":"https:\/\/www.bragdoya.no\/index.php\/wp-json\/wp\/v2\/users\/1"}],"replies":[{"embeddable":true,"href":"https:\/\/www.bragdoya.no\/index.php\/wp-json\/wp\/v2\/comments?post=2468"}],"version-history":[{"count":22,"href":"https:\/\/www.bragdoya.no\/index.php\/wp-json\/wp\/v2\/pages\/2468\/revisions"}],"predecessor-version":[{"id":5619,"href":"https:\/\/www.bragdoya.no\/index.php\/wp-json\/wp\/v2\/pages\/2468\/revisions\/5619"}],"wp:featuredmedia":[{"embeddable":true,"href":"https:\/\/www.bragdoya.no\/index.php\/wp-json\/wp\/v2\/media\/4651"}],"wp:attachment":[{"href":"https:\/\/www.bragdoya.no\/index.php\/wp-json\/wp\/v2\/media?parent=2468"}],"curies":[{"name":"wp","href":"https:\/\/api.w.org\/{rel}","templated":true}]}}