{"id":2464,"date":"2018-04-17T09:59:14","date_gmt":"2018-04-17T09:59:14","guid":{"rendered":"http:\/\/henrikhe.com\/opedal\/?page_id=2464"},"modified":"2023-03-23T09:25:43","modified_gmt":"2023-03-23T08:25:43","slug":"pil","status":"publish","type":"page","link":"https:\/\/www.bragdoya.no\/index.php\/pil\/","title":{"rendered":"Pil"},"content":{"rendered":"<div id=\"pl-2464\"  class=\"panel-layout\" ><div id=\"pg-2464-0\"  class=\"panel-grid panel-has-style\" ><div class=\"panel-row-style panel-row-style-for-2464-0\" ><div id=\"pgc-2464-0-0\"  class=\"panel-grid-cell\" ><div id=\"panel-2464-0-0-0\" class=\"so-panel widget widget_sow-editor panel-first-child panel-last-child\" data-index=\"0\" ><div class=\"panel-widget-style panel-widget-style-for-2464-0-0-0\" ><div\n\t\t\t\n\t\t\tclass=\"so-widget-sow-editor so-widget-sow-editor-base\"\n\t\t\t\n\t\t><h3 class=\"widget-title\">Pil<\/h3>\n<div class=\"siteorigin-widget-tinymce textwidget\">\n\t<p>Ris\u00f8rsk\u00f8yte p\u00e5 35 fot med utvendig ror. Bygget i Ris\u00f8r, sannsynligvis p\u00e5 Barmen, i 1922. Den har fungert som reketr\u00e5ler med mesteparten av sitt aktive liv i tjeneste langs \u00d8stfolds kystlinje og med base i Utg\u00e5rdskilen p\u00e5 Hvaler.<\/p>\n<p>Vil du v\u00e6re med?<\/p>\n<p>Kontakt gruppeleder for Pil, <a href=\"mailto:toresol@hotmail.com\">Tore Solberg<\/a>.<\/p>\n<\/div>\n<\/div><\/div><\/div><\/div><div id=\"pgc-2464-0-1\"  class=\"panel-grid-cell\" ><div id=\"panel-2464-0-1-0\" class=\"so-panel widget widget_sow-image panel-first-child panel-last-child\" data-index=\"1\" ><div\n\t\t\t\n\t\t\tclass=\"so-widget-sow-image so-widget-sow-image-default-8b5b6f678277-2464\"\n\t\t\t\n\t\t>\n<div class=\"sow-image-container\">\n\t\t<img \n\tsrc=\"https:\/\/www.bragdoya.no\/wp-content\/uploads\/2018\/11\/pil1-1.jpg\" width=\"171\" height=\"171\" srcset=\"https:\/\/www.bragdoya.no\/wp-content\/uploads\/2018\/11\/pil1-1.jpg 171w, https:\/\/www.bragdoya.no\/wp-content\/uploads\/2018\/11\/pil1-1-150x150.jpg 150w\" sizes=\"(max-width: 171px) 100vw, 171px\" title=\"pil1\" alt=\"\" loading=\"lazy\" \t\tclass=\"so-widget-image\"\/>\n\t<\/div>\n\n<\/div><\/div><\/div><\/div><\/div><\/div>","protected":false},"excerpt":{"rendered":"<p>Ris\u00f8rsk\u00f8yte p\u00e5 35 fot med utvendig ror. Bygget i Ris\u00f8r, sannsynligvis p\u00e5 Barmen, i 1922. Den har fungert som reketr\u00e5ler med mesteparten av sitt aktive liv i tjeneste langs \u00d8stfolds kystlinje og med base i Utg\u00e5rdskilen p\u00e5 Hvaler. Vil du v\u00e6re med? Kontakt gruppeleder for Pil, Tore Solberg.<\/p>\n","protected":false},"author":1,"featured_media":2874,"parent":0,"menu_order":0,"comment_status":"closed","ping_status":"closed","template":"","meta":[],"_links":{"self":[{"href":"https:\/\/www.bragdoya.no\/index.php\/wp-json\/wp\/v2\/pages\/2464"}],"collection":[{"href":"https:\/\/www.bragdoya.no\/index.php\/wp-json\/wp\/v2\/pages"}],"about":[{"href":"https:\/\/www.bragdoya.no\/index.php\/wp-json\/wp\/v2\/types\/page"}],"author":[{"embeddable":true,"href":"https:\/\/www.bragdoya.no\/index.php\/wp-json\/wp\/v2\/users\/1"}],"replies":[{"embeddable":true,"href":"https:\/\/www.bragdoya.no\/index.php\/wp-json\/wp\/v2\/comments?post=2464"}],"version-history":[{"count":11,"href":"https:\/\/www.bragdoya.no\/index.php\/wp-json\/wp\/v2\/pages\/2464\/revisions"}],"predecessor-version":[{"id":9618,"href":"https:\/\/www.bragdoya.no\/index.php\/wp-json\/wp\/v2\/pages\/2464\/revisions\/9618"}],"wp:featuredmedia":[{"embeddable":true,"href":"https:\/\/www.bragdoya.no\/index.php\/wp-json\/wp\/v2\/media\/2874"}],"wp:attachment":[{"href":"https:\/\/www.bragdoya.no\/index.php\/wp-json\/wp\/v2\/media?parent=2464"}],"curies":[{"name":"wp","href":"https:\/\/api.w.org\/{rel}","templated":true}]}}

<div id="pl-2464"  class="panel-layout" ><div id="pg-2464-0"  class="panel-grid panel-has-style" ><div class="panel-row-style panel-row-style-for-2464-0" ><div id="pgc-2464-0-0"  class="panel-grid-cell" ><div id="panel-2464-0-0-0" class="so-panel widget widget_sow-editor panel-first-child panel-last-child" data-index="0" ><div class="panel-widget-style panel-widget-style-for-2464-0-0-0" ><div
			
			class="so-widget-sow-editor so-widget-sow-editor-base"
			
		><h3 class="widget-title">Pil</h3>
<div class="siteorigin-widget-tinymce textwidget">
	<p>Risørskøyte på 35 fot med utvendig ror. Bygget i Risør, sannsynligvis på Barmen, i 1922. Den har fungert som reketråler med mesteparten av sitt aktive liv i tjeneste langs Østfolds kystlinje og med base i Utgårdskilen på Hvaler.</p>
<p>Vil du være med?</p>
<p>Kontakt gruppeleder for Pil, <a href="mailto:toresol@hotmail.com">Tore Solberg</a>.</p>
</div>
</div></div></div></div><div id="pgc-2464-0-1"  class="panel-grid-cell" ><div id="panel-2464-0-1-0" class="so-panel widget widget_sow-image panel-first-child panel-last-child" data-index="1" ><div
			
			class="so-widget-sow-image so-widget-sow-image-default-8b5b6f678277-2464"
			
		>
<div class="sow-image-container">
		<img 
	src="https://www.bragdoya.no/wp-content/uploads/2018/11/pil1-1.jpg" width="171" height="171" srcset="https://www.bragdoya.no/wp-content/uploads/2018/11/pil1-1.jpg 171w, https://www.bragdoya.no/wp-content/uploads/2018/11/pil1-1-150x150.jpg 150w" sizes="(max-width: 171px) 100vw, 171px" title="pil1" alt="" loading="lazy" 		class="so-widget-image"/>
	</div>

</div></div></div></div></div></div>

<p>Risørskøyte på 35 fot med utvendig ror. Bygget i Risør, sannsynligvis på Barmen, i 1922. Den har fungert som reketråler med mesteparten av sitt aktive liv i tjeneste langs Østfolds kystlinje og med base i Utgårdskilen på Hvaler. Vil du være med? Kontakt gruppeleder for Pil, Tore Solberg.</p>
