{"id":2456,"date":"2018-04-17T09:56:58","date_gmt":"2018-04-17T09:56:58","guid":{"rendered":"http:\/\/henrikhe.com\/opedal\/?page_id=2456"},"modified":"2020-02-03T13:40:45","modified_gmt":"2020-02-03T12:40:45","slug":"lister","status":"publish","type":"page","link":"https:\/\/www.bragdoya.no\/index.php\/om-oss\/medlemsinformasjon\/grupper\/lister\/","title":{"rendered":"Lister"},"content":{"rendered":"<div id=\"pl-2456\"  class=\"panel-layout\" ><div id=\"pg-2456-0\"  class=\"panel-grid panel-has-style\" ><div class=\"panel-row-style panel-row-style-for-2456-0\" ><div id=\"pgc-2456-0-0\"  class=\"panel-grid-cell panel-grid-cell-mobile-last\" ><div id=\"panel-2456-0-0-0\" class=\"so-panel widget widget_sow-editor panel-first-child panel-last-child\" data-index=\"0\" ><div class=\"panel-widget-style panel-widget-style-for-2456-0-0-0\" ><div\n\t\t\t\n\t\t\tclass=\"so-widget-sow-editor so-widget-sow-editor-base\"\n\t\t\t\n\t\t>\n<div class=\"siteorigin-widget-tinymce textwidget\">\n\t<h3>Lister<\/h3>\n<\/div>\n<\/div><\/div><\/div><\/div><div id=\"pgc-2456-0-1\"  class=\"panel-grid-cell panel-grid-cell-empty\" ><\/div><\/div><\/div><div id=\"pg-2456-1\"  class=\"panel-grid panel-has-style\" ><div class=\"panel-row-style panel-row-style-for-2456-1\" ><div id=\"pgc-2456-1-0\"  class=\"panel-grid-cell\" ><div id=\"panel-2456-1-0-0\" class=\"so-panel widget widget_sow-editor panel-first-child panel-last-child\" data-index=\"1\" ><div class=\"panel-widget-style panel-widget-style-for-2456-1-0-0\" ><div\n\t\t\t\n\t\t\tclass=\"so-widget-sow-editor so-widget-sow-editor-base\"\n\t\t\t\n\t\t>\n<div class=\"siteorigin-widget-tinymce textwidget\">\n\t<p>Ansvaret for bruk, drift og vedlikehold av Listersk\u00f8yta ligger hos en egen driftsgruppe.<\/p>\n<p>Hovedform\u00e5let med denne gruppa er \u00e5 bevare Listersk\u00f8yta i god skikk gjennom aktiv bruk, samt \u00e5 l\u00e6re medlemmer i kystlaget \u00e5 seile sk\u00f8yte.<\/p>\n<p>Vil du v\u00e6re med?<br \/>\nKontakt ansvarlig for Lister, <a href=\"mailto:karsten.lovdal@gmail.com\">Karsten L\u00f8vdal<\/a>.<\/p>\n<\/div>\n<\/div><\/div><\/div><\/div><div id=\"pgc-2456-1-1\"  class=\"panel-grid-cell\" ><div id=\"panel-2456-1-1-0\" class=\"so-panel widget widget_sow-image panel-first-child panel-last-child\" data-index=\"2\" ><div\n\t\t\t\n\t\t\tclass=\"so-widget-sow-image so-widget-sow-image-default-8b5b6f678277-2456\"\n\t\t\t\n\t\t>\n<div class=\"sow-image-container\">\n\t\t<img \n\tsrc=\"https:\/\/www.bragdoya.no\/wp-content\/uploads\/2018\/11\/Lister-b\u00e5t-300x225.jpg\" width=\"300\" height=\"225\" srcset=\"https:\/\/www.bragdoya.no\/wp-content\/uploads\/2018\/11\/Lister-b\u00e5t-300x225.jpg 300w, https:\/\/www.bragdoya.no\/wp-content\/uploads\/2018\/11\/Lister-b\u00e5t-768x576.jpg 768w, https:\/\/www.bragdoya.no\/wp-content\/uploads\/2018\/11\/Lister-b\u00e5t-1024x768.jpg 1024w, https:\/\/www.bragdoya.no\/wp-content\/uploads\/2018\/11\/Lister-b\u00e5t.jpg 1400w\" sizes=\"(max-width: 300px) 100vw, 300px\" title=\"Lister b\u00e5t\" alt=\"\" loading=\"lazy\" \t\tclass=\"so-widget-image\"\/>\n\t<\/div>\n\n<\/div><\/div><\/div><\/div><\/div><\/div>","protected":false},"excerpt":{"rendered":"<p>Lister Ansvaret for bruk, drift og vedlikehold av Listersk\u00f8yta ligger hos en egen driftsgruppe. Hovedform\u00e5let med denne gruppa er \u00e5 bevare Listersk\u00f8yta i god skikk gjennom aktiv bruk, samt \u00e5 l\u00e6re medlemmer i kystlaget \u00e5 seile sk\u00f8yte. Vil du v\u00e6re med? Kontakt ansvarlig for Lister, Karsten L\u00f8vdal.<\/p>\n","protected":false},"author":1,"featured_media":4761,"parent":95,"menu_order":0,"comment_status":"closed","ping_status":"closed","template":"","meta":[],"_links":{"self":[{"href":"https:\/\/www.bragdoya.no\/index.php\/wp-json\/wp\/v2\/pages\/2456"}],"collection":[{"href":"https:\/\/www.bragdoya.no\/index.php\/wp-json\/wp\/v2\/pages"}],"about":[{"href":"https:\/\/www.bragdoya.no\/index.php\/wp-json\/wp\/v2\/types\/page"}],"author":[{"embeddable":true,"href":"https:\/\/www.bragdoya.no\/index.php\/wp-json\/wp\/v2\/users\/1"}],"replies":[{"embeddable":true,"href":"https:\/\/www.bragdoya.no\/index.php\/wp-json\/wp\/v2\/comments?post=2456"}],"version-history":[{"count":18,"href":"https:\/\/www.bragdoya.no\/index.php\/wp-json\/wp\/v2\/pages\/2456\/revisions"}],"predecessor-version":[{"id":5679,"href":"https:\/\/www.bragdoya.no\/index.php\/wp-json\/wp\/v2\/pages\/2456\/revisions\/5679"}],"up":[{"embeddable":true,"href":"https:\/\/www.bragdoya.no\/index.php\/wp-json\/wp\/v2\/pages\/95"}],"wp:featuredmedia":[{"embeddable":true,"href":"https:\/\/www.bragdoya.no\/index.php\/wp-json\/wp\/v2\/media\/4761"}],"wp:attachment":[{"href":"https:\/\/www.bragdoya.no\/index.php\/wp-json\/wp\/v2\/media?parent=2456"}],"curies":[{"name":"wp","href":"https:\/\/api.w.org\/{rel}","templated":true}]}}